se -n = -4*k + k + 37104, -5*k + 3*n = -61848. What is the units digit of k?
6
Let s(w) = 13*w - 60. Let p = 185 - 158. What is the hundreds digit of s(p)?
2
Let w = -4524 + 6516. Suppose 2868 = 10*v - w. What is the hundreds digit of v?
4
Suppose -201 - 339 = 20*h. What is the tens digit of (-2)/6 + (84204/h)/(-2)?
5
Let z(a) = 54 - 7*a + 2*a + 7 + 15*a + 33*a**2 + 5*a. What is the hundreds digit of z(-5)?
8
Suppose 3*p - 12579 = -2*x, -20966 = -5*p - 2*x - x. Suppose -13*r = -173 - p. What is the hundreds digit of r?
3
Let z(y) = -y - 17. Let q be z(-15). Let f(u) = -4*u - 8. Let m be f(q). Suppose -n - 3*n = t - 836, -2*n - 2*t + 412 = m. What is the hundreds digit of n?
2
Suppose -3*c - 5*q - 2520 = c, -q = 3*c + 1890. Let z = c - -416. Let d = z - -301. What is the units digit of d?
7
Suppose -r + 30722 = -6*t + 2*t, -r = -t - 30716. What is the tens digit of r?
1
Let z = 2282 + -52. Suppose 0 = -5*w - 5*i + 2780, -4*w = -0*w - 2*i - z. What is the hundreds digit of w?
5
Suppose 5*k - l - 151 = 0, 0 = k - 3*k + 4*l + 64. Let x(h) = -45*h + 84*h + 1 + k*h. What is the hundreds digit of x(3)?
2
Let o(z) be the third derivative of 3*z**5/20 + z**4/12 + 11*z**3/6 - 6*z**2 + 6. What is the units digit of o(-5)?
6
Let v(r) = r**3 - 17*r**2 + 12*r + 11. Suppose -5*t = 5*g - 55, 0 = -3*t + 5*g - g + 68. Let c be v(t). Let p = c + 266. What is the units digit of p?
3
Suppose 0 = 135*p - 25*p - 2991890. What is the tens digit of p?
9
Let k(u) = -10*u**3 - 8*u**2 + 3*u - 4. Let j be k(-4). Suppose 4*a = -3*n - 64 + 440, 4*n - j = -4*a. What is the units digit of n?
0
Let f(p) = -p**3 + 3*p**2 + p + 12. Let h be f(4). What is the units digit of 1062 - (3 + h + -9)?
8
Let d = -22 + 29. Suppose 2*k - 17 = -d. Suppose -4*h + 300 = 4*y, -3*y = -h + k*h - 301. What is the tens digit of h?
7
Suppose -15638919 = -174*b - 63*b. What is the ten thousands digit of b?
6
Let g(a) = 2*a**2 - 49*a - 45. Let m be g(-34). Suppose -33*w + m = -24*w. What is the tens digit of w?
3
Let w = 28050 - 18814. What is the thousands digit of w?
9
Let h(t) = 18*t**2 + 289*t + 25. What is the hundreds digit of h(21)?
0
Suppose -10*b - 9*b = -25*b + 4332. What is the hundreds digit of b?
7
Let d(z) = -703*z + 1170. What is the ten thousands digit of d(-17)?
1
Suppose -4*j + 36516 = -4*z, -4323 = j + 5*z - 13428. What is the units digit of j?
5
Let p(m) = 3019*m + 119. What is the hundreds digit of p(2)?
1
Let o(f) = -14*f + 1193. What is the tens digit of o(68)?
4
Let a(c) = 7*c**2 + 146*c + 1537. What is the ten thousands digit of a(72)?
4
Let c(k) = k**2 - 12*k + 14. Let u be c(11). Let y be -195 - u*(-2)/3. Let d = 272 + y. What is the tens digit of d?
7
Suppose 2*a - 995085 = -82*a + 19*a. What is the tens digit of a?
0
Let f be (-3)/(-3 + 6) + 0 + 608. Suppose -502 - 104 = -4*i - 2*l, 0 = -4*i - 3*l + f. What is the hundreds digit of i?
1
Let o(k) = -50*k + 638. What is the tens digit of o(-23)?
8
Suppose 0 = -i + 4*i - 2*w - 233, w - 71 = -i. Let d = i - 72. Suppose -d*x + x + 4*u = -146, 5*u = 4*x - 304. What is the units digit of x?
1
Let a = 100 - 100. Suppose 2*l = 2*b - 16, -b + 3*l + l + 8 = a. What is the units digit of 3 + -2 + 94 + b/2?
9
Let m(o) = 18*o - 65. Suppose 2*z - 15 - 55 = 0. Suppose 0 = -2*n - r + z, -4*n + 40 = -3*n + 5*r. What is the tens digit of m(n)?
0
Suppose -51*d = -26*d - 22*d - 77934. What is the ten thousands digit of d?
2
Suppose -439 - 1115 = -2*v. Let o = -450 + v. What is the tens digit of o?
2
Suppose 2*w = -3*p + 173, 3*p - 4*p = -4*w - 53. Let v = p + -54. What is the tens digit of v/((-27)/(-2)) - 669/(-27)?
2
Let c = -112 - -115. Suppose 4975 = 5*j + 5*k, -5*k + 1743 + 1252 = c*j. What is the units digit of j?
0
Suppose 109*s + 2*w - 75672 = 108*s, -4*s + 302765 = -3*w. What is the ten thousands digit of s?
7
Let m(g) = 82*g**3 - 16*g**2 - 12*g + 33. What is the units digit of m(4)?
7
Let g be 266/57 - (-4)/(-6). Suppose -3*o + 1536 = -14*t + 11*t, 2*t = -g*o + 2066. What is the hundreds digit of o?
5
Let u = -137 - -254. Suppose u*s = 114*s - 3. What is the hundreds digit of ((-3)/(6/434))/s?
2
Let p(h) = -h**2 - 14*h - 13. Let f be p(-7). What is the tens digit of 2 + 9196/f - (-44)/(-99)?
5
Let b = -90 + 96. Suppose 0 = b*w - 23*w + 561. What is the tens digit of w?
3
Suppose 3*a + 7*a = -60. Let b be (5/a)/(3/(-18)). Suppose -3*y = -3*d - 312, -y + 3*d - 409 = -b*y. What is the hundreds digit of y?
1
Let t = 13296 + 880. What is the ten thousands digit of t?
1
Let o be (-6)/(-4)*(-8)/(-3) - -14. Suppose 7174 + 782 = o*g. What is the units digit of g?
2
Suppose 8*u - 35160 = -1824. What is the hundreds digit of u?
1
Let o(w) = -46*w**2 - 13*w - 2. Let m(v) = -47*v**2 - 15*v - 3. Let s(c) = 5*m(c) - 6*o(c). What is the hundreds digit of s(2)?
1
What is the hundreds digit of 5*-2 + (39 - -3294)?
3
Let f(i) = i**3 + 23*i**2 - 9*i - 11. Let a(p) = 18*p + 283. Let w be a(-17). What is the hundreds digit of f(w)?
1
Suppose 57*n + 749529 = 156*n. What is the units digit of n?
1
What is the tens digit of (10 - 11)/((-33)/(-6)) - (-285027)/33?
3
What is the thousands digit of (-2 - (-8)/10)*6703385/(-338)?
3
Let v(b) = -88*b**3 + 73*b**2 + 4*b + 3. What is the ten thousands digit of v(-5)?
1
Suppose 26*y - 3*w = 23*y - 2007, 0 = -3*y + 2*w - 2012. Let s = 77 - y. What is the tens digit of s?
5
Let c(t) = -10 - 11*t**2 - 5*t**2 + t - 10*t**2 + 8*t**2. Let i be c(-3). Let o = -118 - i. What is the tens digit of o?
5
Suppose 8*t + 12 = 44. Let d be (-18)/4*(20/t + -1). What is the tens digit of (34/(-6))/(6/d)?
1
Suppose 3*h = -38 + 473. Suppose -h = -g + 587. Suppose 0 = -6*a - 168 + g. What is the tens digit of a?
9
Let l be (6/15)/((-5)/(-450)). Let m = l + 315. What is the tens digit of m?
5
What is the tens digit of 153692/30 + ((-483)/315)/23?
2
Suppose 4*o - 55102 = 187010. What is the thousands digit of o?
0
Let f = -278 + 282. Suppose 446 = 2*b - b - 4*g, -20 = f*g. What is the units digit of b?
6
Suppose -145*v - 153*v = -294*v. Suppose v = -3*i - 2*x + 896 + 627, i + 3*x = 510. What is the hundreds digit of i?
5
What is the hundreds digit of 1230838/22 - ((-290)/220 + (-3)/(-2))?
9
What is the ten thousands digit of ((-15)/20)/((-57)/3284188)?
4
Let l = -52 + 23. Let s = l - -66. What is the tens digit of s?
3
Suppose -w + 10321 = a, 0 = -w - 2*w + 5*a + 31003. What is the thousands digit of w?
0
Let g = 2447 + 17112. What is the units digit of g?
9
Let q(a) = 2*a - 1. Let x be q(2). Suppose -x*g - 13 = -2*b + 8, 3*b = -4*g - 11. What is the tens digit of -4 - (-36 + (-6)/b)?
3
Let l(s) = 2*s**3 + s**2 - s. Let x be l(1). Suppose -9*t = x*t - 5159. Let b = 661 - t. What is the units digit of b?
2
Let o(l) = -303*l**3 + 4*l**2 - 4. Let a be o(-2). Suppose 6*c - 8*c + a = 0. What is the tens digit of c?
1
Let a(b) = b**2 - 16*b + 31. Let w be a(11). Let k(t) = 2*t**2 + 12*t + 125. What is the tens digit of k(w)?
8
Suppose -4*b = 3*x - 4, -2 + 0 = -2*x - 2*b. Let d be 2 + x - (7 - 4). What is the hundreds digit of d/2 + (-8)/(-16) + 282?
2
Suppose 112 - 43 = -3*o. Let a = 484 - o. What is the units digit of a?
7
Suppose 9*n + 6*n + 5100 = 0. Let g = n + 1110. What is the hundreds digit of g?
7
Suppose l - 3*p - 1903 = 0, 0 = -l + 40*p - 36*p + 1900. What is the units digit of l?
2
Let p(f) = f**3 + 19*f**2 - 41*f + 18. Let u be p(-21). What is the units digit of (-1*(-2)/(-5))/(u/1905)?
4
Let f be 33914/4 - (-15)/10. Suppose -f = -10*s - 170. What is the tens digit of s?
3
Let b = -22 - -47. Let u = 25 - b. Suppose n = -u*n + 16. What is the tens digit of n?
1
Suppose 0 = -5*i - 5*n, -i - 7*n + 5*n - 3 = 0. Let c = 1 + 2. Suppose -i*v + 341 = -2*p, 5*p - 3*p - 349 = -c*v. What is the tens digit of v?
1
Let f be 18348/(-672) + (-4)/7 + (-29)/232. Let s = 29 - -45. Let d = f + s. What is the tens digit of d?
4
Let k be 33 + (-1)/(1/1). Let n = 4411 + -4415. Let c = n + k. What is the units digit of c?
8
Suppose 12*w - 22*w - 1730 = 0. Let f = w - -499. What is the tens digit of f?
2
Let z(q) = -10*q - 8. Let c be z(3). Let v be 6/10 + c/(-95). What is the hundreds digit of (183 - 4/v) + 0?
1
Let s(p) = 8*p + 5. Let g be s(18). Let t be 1/2*(-6)/(-1) + g. Suppose -4*h + t = -444. What is the tens digit of h?
4
Suppose -34 + 521 = -